
Let u = 2811 - 1886. Calculate the remainder when u is divided by 152.
13
Suppose -b = 2*w - 0*b - 541, 0 = 3*w + b - 815. What is the remainder when w is divided by 56?
50
Let a(d) be the third derivative of d**6/120 + 11*d**5/60 - 5*d**4/12 - 29*d**3/2 + 69*d**2. Calculate the remainder when 49 is divided by a(-11).
3
Let a be (1890/14)/(1/(-2)). Let f be (-1524)/a*5 + (-2)/9. Suppose 16 = 4*l - 2*y - f, l = -3*y - 3. Calculate the remainder when 26 is divided by l.
8
Suppose 4*m - 2*k = 0, 3*m + 1 = -3*k + 19. Let f be -2 - 0 - (-9 - 15). Suppose 0*a = m*a - f. What is the remainder when 40 is divided by a?
7
Let u = -1624 - -1635. Calculate the remainder when 38 is divided by u.
5
Let n be 1 - 6 - (-28 + -5). Suppose -111 = -3*b + 4*j - n, -3*j = 15. Let p = 18 + b. What is the remainder when p is divided by 15?
9
Let t(h) = -77*h + 1247. Calculate the remainder when t(13) is divided by 19.
18
Suppose m + 0*m - 56 = 0. Let t = m - 18. Let o = -30 + t. What is the remainder when 45 is divided by o?
5
Let c = -8237 - -10436. Calculate the remainder when c is divided by 40.
39
Let a = 2627 - 2365. Calculate the remainder when 6539 is divided by a.
251
Let f = -185 - -182. What is the remainder when ((-6)/27*f)/((-8)/(-1140)) is divided by 4?
3
Let x(i) = -i**3 + i**2 - i + 200. Let w be x(0). Let d be 1/(18/(-99) + (-23)/(-66)). Calculate the remainder when 98 is divided by (-2)/d + w/6.
32
Let u(x) = -x**2 + 12*x - 16. Let z be (1/(-3) + 3)*(-45)/(-12). What is the remainder when 30 is divided by u(z)?
2
Let j = 3994 + -3774. Calculate the remainder when 2636 is divided by j.
216
Let m = 78 + 14. Suppose 97*n - m*n - 65 = 0. Calculate the remainder when (-2)/8 + 306/8 is divided by n.
12
Let o be 3*(-2)/(-2) - (-4 + 5). Let a = 20 - o. Suppose 4*m - 146 = 2*f, -2*m + 4*f + 105 = 23. Calculate the remainder when m is divided by a.
17
Let c = -10 + 20. Let p = -786 + 776. Let k = 37 - p. What is the remainder when k is divided by c?
7
Suppose -52*h + 4*h = 31*h - 7347. What is the remainder when h is divided by 64?
29
Let t(q) = 233*q - 1052. What is the remainder when t(7) is divided by 47?
15
Let s(d) = 2*d**2 + 17*d - 31. Let t(v) = -v**2 - 17*v + 29. Let u(h) = -2*s(h) - 3*t(h). What is the remainder when u(11) is divided by 6?
5
Let d be 9/(-3) + (-6)/(-1). Let l(h) = -5*h**3 - 8*h**3 + 15 - 8*h**d - 10*h**2 - h + 20*h**3. What is the remainder when l(-11) is divided by 37?
36
Let u = -275 + 284. Let c(h) = -5*h - 2. Let k be c(-18). Let t = -35 + k. Calculate the remainder when t is divided by u.
8
Let m(b) = -209*b - 608. What is the remainder when 5110 is divided by m(-3)?
18
Let m(u) = -3*u**2 - 781*u + 206. What is the remainder when m(-191) is divided by 192?
190
Let i be 7 - (-6 - 2/(-2)). Suppose 4*p = 3*n - 28, -2*p - i = -2*n + 8. What is the remainder when 30 is divided by n?
6
Let y = -48 + 64. Suppose 0 = -4*n + 4 + y. Calculate the remainder when (-1 - (-291)/(-12))/(n/(-20)) is divided by 27.
20
Let m(s) = s**3 + 30*s**2 + 23*s + 47. Let v be m(-29). Suppose -4*w + 0*w - a = -160, -5*w = -4*a - v. What is the remainder when w is divided by 22?
19
Let v(p) = 8*p. Let n be v(7). Suppose 86 = 4*b + 4*g + 206, 0 = g + 2. Let y = n + b. What is the remainder when y is divided by 8?
4
Let w be 13910/(-4)*104/(-65). What is the remainder when ((-1)/2)/((-13)/w) is divided by 12?
10
Suppose 5*r - 307 = 3*x, 6*r - 63 = 5*r - x. What is the remainder when 262 is divided by r?
14
Let z(q) = -5*q + 63. Let y be z(12). Suppose -y*m + 192 = 13*m. Calculate the remainder when m is divided by 3.
0
Suppose -3*f = 2*x - 17, 5*x = f + f - 24. Calculate the remainder when 50 is divided by f.
1
Let k(j) = -j**3 + 10*j**2 - 20*j + 102. Let l(x) = x**2 - 1. Let z(d) = k(d) - 5*l(d). What is the remainder when 31 is divided by z(5)?
3
Suppose -37 = -k - 5*g - 60, -k - g - 3 = 0. Suppose -s = -3, -r + 2*s = -k - 15. Calculate the remainder when (-381)/(-9) + (-2)/(-3) is divided by r.
20
Let u(c) = 21*c + 34. Let q be (-1 - -1)/((-90)/45). Calculate the remainder when 90 is divided by u(q).
22
Let a = -3251 + 11509. What is the remainder when a is divided by 57?
50
Let g be (-12008)/(-72) - -1 - 4/(-18). Suppose -60 = 36*t - g. Calculate the remainder when 9 is divided by t.
0
Let j = -1831 - -2566. Suppose -24*n + 31*n = j. Calculate the remainder when n is divided by 18.
15
Let v(x) = -1218*x - 399379. Let u be 5 + (-1 + 0)*1. What is the remainder when v(-328) is divided by 127/u - (-1)/4?
29
Suppose -5*o + 4*n + 40 = 0, -9*o + 3*n + 35 = -4*o. Suppose 5*h + 10 + 5 = 0, o*f - 165 = 3*h. What is the remainder when 42 is divided by f?
3
Let n(o) = o**3 + 16*o**2 + 54*o - 47. Calculate the remainder when 6742 is divided by n(-10).
8
Suppose 4*s = 4*p - 864, 3*p + 4*s - 701 = -18. What is the remainder when p is divided by 26?
13
Let y(h) = 6*h - 6. Let j be y(2). Let z = 288 - 270. Calculate the remainder when (-151)/(-3) + 4/j is divided by z.
15
Suppose -4*o = 5*i - 187, 31 = i - o + 5*o. What is the remainder when 619 is divided by i?
34
Calculate the remainder when 387 is divided by (48/(-16))/(-6 + (-6759)/(-1128)).
11
Let t(w) = -w**3 - w**2 + 168*w + 85. What is the remainder when 466 is divided by t(0)?
41
Suppose -1133*a + 1144*a - 22198 = 0. Calculate the remainder when a is divided by 202.
200
Let h(g) = g**2 + 3*g + 9. Let p(v) = -v**2 - 9*v - 14. Let b be p(-8). Calculate the remainder when h(b) is divided by 2.
1
Let q = -113 - -113. Suppose q = 29*d - 22*d - 2597. What is the remainder when d is divided by 12?
11
Let f = -1631 + 3002. Calculate the remainder when f is divided by 97.
13
Suppose -4*h - 4*k + 420 = 0, 5*h + k = 2*k + 537. Suppose h - 16 = 7*d. Calculate the remainder when 129 is divided by d.
12
Let u = -49 + 98. Let h(t) = -2*t**3 - 17*t**2 - 10*t - 8. Let y be h(-8). What is the remainder when u is divided by (y/(-2))/(32/(-80))?
9
Let i(p) = -p**3 + 39*p**2 - 111*p + 190. What is the remainder when 107 is divided by i(36)?
25
Suppose 27*i - 29492 = -8401 + 26537. What is the remainder when i is divided by 52?
48
Let r(i) be the first derivative of 5*i**3/3 + 3*i**2 + 5*i + 1. Let y(n) = -13*n**2 + 255*n + 121. What is the remainder when r(-4) is divided by y(20)?
19
Let m(u) = -u + 31. Let l = -142 - -100. What is the remainder when m(0) is divided by (-486)/l - 8/14?
9
Let p = 15 - 5. Suppose -4*w + 5 = g, -338*g + 342*g = 3*w - 37. What is the remainder when p is divided by w?
1
Let k = 44 - 10. What is the remainder when k is divided by 62/775 + 1246/50?
9
Suppose -4*i = -2*j + 200, 48 = 2*j - 10*i - 122. What is the remainder when 164 is divided by j?
54
Suppose -18*l + 39*l - 147 = 0. Calculate the remainder when 1636 is divided by l.
5
Suppose 2*z + 59 + 45 = 218. Let o = 3 - 0. Suppose 0 = -o*t - t + 60. What is the remainder when z is divided by t?
12
Let p(k) = 2*k**2 + 4*k + 3. Let y(q) = q**3 + 4*q**2 - q + 3. What is the remainder when y(2) is divided by p(-1)?
0
Let v(r) = -7*r - 22. Calculate the remainder when (-207)/(10 - 13) - -2*3 is divided by v(-5).
10
Suppose -26 = 6*z - 1796. Calculate the remainder when 572 is divided by z.
277
Let m(q) be the second derivative of -23/6*q**3 + 1/20*q**5 - 16*q**2 + 7/6*q**4 - 18*q + 0. What is the remainder when m(-15) is divided by 13?
10
Let j(x) be the third derivative of x**6/120 - x**5/15 - x**4/2 + 7*x**3/6 + 2*x**2 - 87*x. What is the remainder when j(6) is divided by 2?
1
Let h(g) = 15*g - 22. What is the remainder when 203 is divided by h(3)?
19
Let m be (280/84)/((-1)/((-6)/4)). Suppose 5*y = -m*y - 230. Let p = 43 + y. What is the remainder when p is divided by 8?
4
Let r = -625 - -839. What is the remainder when r is divided by 95?
24
Let f = 17 + -9. Let u(l) = l**2 - 46*l + 161. Calculate the remainder when u(45) is divided by f/(-4) + 5 - -12.
11
Suppose 0 = -j - 4, -246 + 2963 = 3*x + j. What is the remainder when x is divided by 35?
32
Let w(f) = -2*f**3 + f**2 - 2*f - 4. Let v be w(-2). Let i be ((-5)/v*2)/((-2)/252). Let j = 158 - i. Calculate the remainder when j is divided by 49.
46
Let u(y) = -2*y**3 + 43*y**2 - 36*y - 99. Calculate the remainder when u(18) is divided by 262.
211
Let g = 56 + 9. Let h be (-68)/102*(-18)/2. Suppose -t